b(v) = 51*v - 717. What is b(14)?
-3
Let d(h) = -7*h**3 + 210*h**2 + 3*h - 93. Determine d(30).
-3
Let a(z) = 24*z**2 - 1034*z + 85. Calculate a(43).
-1
Let a(w) = -2*w**3 - 218*w**2 - 427*w + 194. Calculate a(-107).
87
Let n(v) = -2*v**3 - 419*v**2 + 216*v + 1256. What is n(-210)?
-4
Let o(r) = -r**3 - r**2 - r - 130. Give o(0).
-130
Let d(w) = -42*w + 654. Determine d(13).
108
Let t(d) = d**3 + 165*d**2 - 500*d + 693. Calculate t(-168).
21
Let k(h) = h + 58. Give k(-31).
27
Let i(p) = 217*p**3 + p. Calculate i(-1).
-218
Let y(d) = 121*d + 931. Determine y(-8).
-37
Let l(s) = 29*s**2 + 925*s - 94. Give l(-32).
2
Let u(v) = v**2 + 62*v + 557. What is u(-11)?
-4
Let f(h) = -6*h**3 - h**2 - 14*h + 14. Determine f(1).
-7
Let z(d) = -d**3 + 15*d**2 - 11*d - 6. Give z(15).
-171
Let z(f) = 2*f**3 + 22*f**2 - 7*f + 11. What is z(-11)?
88
Let w(d) = -1461*d - 46764. Determine w(-32).
-12
Let c(w) = -w**3 + 16*w**2 - 68*w + 185. Give c(10).
105
Let l(v) = -149*v - 1140. What is l(-8)?
52
Let t(w) = -2*w**3 + 13*w**2 - 34*w + 19. Calculate t(6).
-149
Let z(h) = h**2 - 115*h - 1254. Calculate z(-10).
-4
Let o(n) = -518*n - 5725. Give o(-11).
-27
Let u(o) = -o**3 + 7*o**2 + 67*o - 490. Determine u(8).
-18
Let u(r) = -r**3 - 5*r**2 - 8*r - 6. What is u(-6)?
78
Let f(y) = -52*y - 2563. Determine f(-49).
-15
Let a(g) = g**3 + 23*g**2 + 89*g + 23. Determine a(-18).
41
Let i(d) = -2*d**2 - 89*d - 983. What is i(-20)?
-3
Let t(k) = -k**3 - 11*k**2 - 25*k - 64. What is t(-9)?
-1
Let n(c) = c**2 + 32*c - 93. Determine n(-36).
51
Let v(u) = -u + 153. Determine v(64).
89
Let l(y) = 49*y + 146. Determine l(12).
734
Let d(c) = 15*c - 181. Calculate d(12).
-1
Let o(q) = -52*q + 724. What is o(16)?
-108
Let w(o) = o**2 - 36*o - 689. Calculate w(-13).
-52
Let u(x) = -7*x**3 + 20*x**2 - 67*x - 19. What is u(5)?
-729
Let o(y) = -y**3 - 21*y**2 - 13*y + 87. Give o(-20).
-53
Let i(f) = 5*f**2 + 41*f - 23. Determine i(-8).
-31
Let b(i) = -i**3 - 17*i**2 + 38*i - 21. Give b(-19).
-21
Let s(z) = 42*z + 560. Give s(-21).
-322
Let n(l) = -167*l - 21548. Give n(-129).
-5
Let z(c) = -67*c + 559. Give z(6).
157
Let x(l) = 6*l**3 + 1201*l**2 + 210*l + 2006. Determine x(-200).
6
Let v(m) = -2*m**2 - 62*m - 188. Give v(-4).
28
Let l(v) = 99*v + 1139. What is l(-12)?
-49
Let c(x) = 970*x + 2899. What is c(-3)?
-11
Let g(l) = 13*l**2 + 504*l + 1813. Calculate g(-4).
5
Let h(n) = -n**2 - 15*n - 34. Calculate h(-15).
-34
Let d(x) = 5*x**2 + 63*x - 328. Give d(4).
4
Let y(n) = n**2 - 6*n + 5. Determine y(7).
12
Let h(t) = t - 13. Determine h(-53).
-66
Let q(c) = -c**2 - 31*c + 73. Calculate q(-35).
-67
Let j(g) = 106*g - 2898. Give j(28).
70
Let q(y) = 2*y + 10. What is q(2)?
14
Let t(b) = -11*b**2 - 614*b - 335. Give t(-55).
160
Let c(q) = -6*q**2 - 9*q + 24. Give c(2).
-18
Let a(z) = -7976*z - 55829. Calculate a(-7).
3
Let p(t) = t**3 - 29*t**2 + 49*t + 140. Give p(27).
5
Let i(k) = 67*k + 648. Determine i(-10).
-22
Let z(g) = 4*g**3 + 49*g**2 - 38*g + 13. Give z(-13).
0
Let i(k) = k**3 - 219*k**2 - 6641*k - 251. What is i(246)?
-5
Let g(n) = -n**2 - 4*n + 138. Determine g(0).
138
Let w(c) = c**3 - 6*c**2 - 1841*c + 39. Calculate w(46).
-7
Let m(b) = b**2 - 40*b - 4201. What is m(-49)?
160
Let d(n) = -10*n**2 + 117*n + 5. Determine d(12).
-31
Let m(u) = 26*u**3 + 24*u - 43. Determine m(2).
213
Let m(k) = -3*k**2 - 10*k - 28. Calculate m(-9).
-181
Let y(k) = 3038*k + 51662. Calculate y(-17).
16
Let h(w) = -w**2 - 353*w + 2158. Calculate h(6).
4
Let y(w) = -2*w**3 - 16*w**2 + 9*w + 1. Determine y(0).
1
Let i(a) = a**2 + 91*a - 395. Calculate i(-95).
-15
Let x(r) = 3108*r + 15552. What is x(-5)?
12
Let x(k) = k**3 + 44*k**2 - 673*k - 32. Determine x(-56).
24
Let u(o) = 8*o**3 - 2*o**2 + 2*o + 3. Calculate u(2).
63
Let t(s) = 15*s - 1839. Determine t(58).
-969
Let g(z) = 613*z + 39237. What is g(-64)?
5
Let b(o) = -22*o - 938. Give b(-42).
-14
Let b(f) = 11*f - 589. Determine b(62).
93
Let u(t) = -23*t + 71. Give u(4).
-21
Let k(f) = -12*f**2 - 264*f + 3. Calculate k(-22).
3
Let p(s) = -s**2 - 63*s - 739. Calculate p(-16).
13
Let y(g) = -665*g + 1215. Determine y(2).
-115
Let j(p) = -p**3 - 65*p**2 - 554*p - 182. What is j(-55)?
38
Let r(x) = 9*x - 71. What is r(-11)?
-170
Let p(g) = -45*g - 58. What is p(4)?
-238
Let t(i) = -i**2 - 25*i + 3494. Give t(-73).
-10
Let o(q) = q**2 - 11*q - 34. Determine o(-8).
118
Let l(c) = -18*c + 125. Determine l(-7).
251
Let f(c) = -25*c**2 + 8*c - 7. Calculate f(1).
-24
Let g(o) = -o**2 - 44*o - 402. Determine g(-29).
33
Let q(x) = x**3 + 9*x**2 - 4*x - 44. Give q(-10).
-104
Let g(o) = -o**3 + 4*o**2 - 18*o + 157. Determine g(6).
-23
Let b(z) = z**2 + z + 12. Give b(6).
54
Let j(o) = -10*o**2 - 5. Determine j(1).
-15
Let m(k) = -227*k - 2892. What is m(-13)?
59
Let m(o) = 4*o**2 + 37*o + 46. Calculate m(-9).
37
Let s(l) = 43*l - 3090. What is s(72)?
6
Let w(c) = 32*c**2 - 12*c - 6. Give w(-2).
146
Let l(j) = -372*j - 2990. What is l(-8)?
-14
Let j(v) = 3*v**2 - 11*v - 94. Determine j(-11).
390
Let x(b) = -b**3 - 14*b**2 + 3*b - 48. What is x(-15)?
132
Let y(o) = 7*o**2 - 6*o + 19. Determine y(-4).
155
Let q(g) = -2*g**3 - 51*g**2 + 268*g - 4. Calculate q(-30).
56
Let f(v) = 122*v + 1704. Determine f(-14).
-4
Let i(a) = 28851*a + 144251. What is i(-5)?
-4
Let l(t) = 224*t - 13671. Calculate l(61).
-7
Let s(k) = k**3 + 35*k**2 + 7*k + 218. Give s(-35).
-27
Let s(k) = 5*k**2 + 118*k - 119. What is s(1)?
4
Let b(i) = -3*i**2 + 21*i + 14. Give b(7).
14
Let q(m) = 1202*m + 59. What is q(0)?
59
Let a(o) = -10*o**2 - 752*o - 124. Calculate a(-75).
26
Let b(u) = 19*u + 168. What is b(-8)?
16
Let a(h) = 4*h**2 + 6*h + 2. Determine a(-2).
6
Let t(f) = f**3 + 10*f**2 - 78*f - 48. Calculate t(-15).
-3
Let s(g) = -g**2 - 95*g - 1331. Calculate s(-78).
-5
Let d(j) = 4*j**3 - 53*j**2 + 10*j + 131. What is d(13)?
92
Let f(g) = g**2 + 47*g + 138. Calculate f(-43).
-34
Let i(v) = 22*v**2 - 313*v + 18. What is i(15)?
273
Let v(g) = -g**3 + 25*g**2 - 103*g + 77. Determine v(20).
17
Let a(c) = c**3 + 4*c**2 - 216*c + 79. What is a(-17)?
-6
Let s(n) = -n**2 + 391*n - 6014. Give s(16).
-14
Let k(n) = n + 14. Calculate k(-3).
11
Let m(s) = -8*s**2 - 99*s + 102. Calculate m(1).
-5
Let d(i) = -i**3 + 40*i**2 - 49*i - 1042. What is d(38)?
-16
Let n(s) = 121*s + 11615. Calculate n(-96).
-1
Let z(d) = -6*d**2 - 50*d + 533. What is z(-15)?
-67
Let z(a) = 3*a**2 + 200*a - 1323. Give z(6).
-15
Let m(p) = 45*p + 581. Calculate m(-13).
-4
Let b(n) = -2*n**2 - 40*n - 18. Calculate b(-6).
150
Let w(b) = -259*b - 802. Determine w(-3).
-25
Let q(s) = -3*s**3 + 21*s - 1. Calculate q(5).
-271
Let f(p) = 214*p + 1041. Determine f(-5).
-29
Let n(r) = -198*r - 10686. What is n(-54)?
6
Let b(y) = 60*y - 938. Give b(16).
22
Let y(u) = 11*u**2 + 4084*u - 4087. Calculate y(1).
8
Let i(y) = 8*y**2 - 67*y + 193. What is i(3)?
64
Let s(u) = 3*u**2 + 93*u + 152. What is s(-29)?
-22
Let j(t) = -28*t**2 + 129*t + 14. What is j(5)?
-41
Let h(k) = -k**2 + 76*k + 162. What is h(-2)?
6
Let c(z) = z**2 + 50*z - 228. Give c(-54).
-12
Let x(j) = -2*j**2 + 351*j + 1796. What is x(-5)?
-9
Let m(g) = 13*g**3 - 21*g**2 + 11*g - 33. Calculate m(2).
9
Let i(w) = w**3 + 12*w**2 + 3*w + 2. What is i(-3)?
74
Let g(r) = r**3 - 9*r**2 - 17*r + 147. What is g(9)?
-6
Let w(k) = 14*k + 16. Determine w(2).
44
Let n(x) = x**3 - 120*x**2 - 251*x + 865. Give n(122).
11
Let a(w) = 2*w**2 - w - 188. What is a(12)?
88
Let u(i) = -1504*i + 1311. Calculate u(1).
-193
Let s(l) = -4*l**2 + 73*l + 52. Determine s(19).
-5
Let g(d) = -46*d + 573. Give g(14).
-71
Let n(u) = 3*u**3 + 5*u**2 - 9. Calculate n(2).
35
Let c(k) = -2*k**3 + 14*k**2 + 1243*k - 8702. Calculate c(7).
-1
Let h(i) = i**3 + 11*i**2 + 29*i - 10. Give h(-8).
-50
Let i(c) = 2*c**3 + 163*c**2 - 289*c - 3321. Determine i(-83).
-1
Let k(o) = o**3 + 15*o**2 + 58*o + 65. Give k(-10).
-15
Let b(h) = -h**3 - 39*h**2 + 6*h + 227. What is b(-39)?
-7
Let k(y) = y**3 + 85*y**2 + 751*y. What is k(-10)?
-10
Let n(a) = -45*a - 1224. Determine n(-27).
-9
Let c(r) = -2*r**3 - 9*r**2 - 11*r - 2. What is c(-1)?
2
Let a(f) = -12*f**2 + 12*f - 14. Give a(6).
-374
Let p(d) = -361*d**2 - 7590*d - 5. Calculate p(-21).
184
Let h(p) = 584*p**3 - 2*p**2 - 2*p. What is h(-1)?
-584
Let f(r) = 641*r 